14
Let c(x) = x**2 + 3*x + 15. Let v be c(-10). Calculate the highest common factor of 34 and v.
17
Let h(w) = -85*w**3 - w**2 - w. Let g be h(-1). Let i = 3 + 14. Calculate the highest common factor of i and g.
17
Suppose 0 = -4*i + 2*m + 974, 229 = 5*i + 5*m - 966. Let o = 99 - 77. What is the highest common factor of o and i?
22
Let n(x) = 28*x**2 + x + 6. Let d be n(2). What is the highest common factor of 15 and d?
15
Suppose -5*f + 216 = -54. Suppose -3*v + 2*v - 112 = -3*s, -2*v = 4*s - 136. Calculate the greatest common factor of s and f.
18
Let m(v) = v**2 - v. Let o(l) = -5*l**2 + 4*l + 9. Let f(k) = -4*m(k) - o(k). Let j be f(-7). What is the greatest common factor of 8 and j?
8
Suppose -2*l + 4*l = 58. What is the greatest common divisor of l and 145?
29
Suppose 5*k - 140 = -2*z, 0 = -4*k - 0*k + z + 99. What is the greatest common divisor of k and 182?
26
Let g = 59 - 41. Let j = -11 + g. What is the greatest common factor of 28 and j?
7
Let d be -1 - 5 - (-22 - -5). What is the highest common divisor of 209 and d?
11
Suppose -u - 2*u + 27 = 0. Suppose -l + 2*l = 5, 0 = 3*j - 3*l - u. What is the greatest common factor of j and 12?
4
Let g = 0 + -6. Let k = g + 60. Let m be 5/(25/6)*15. Calculate the greatest common divisor of k and m.
18
Suppose -3*r + 13 = -20. Let t(l) = -l + 3*l - l + 6. Let q be t(5). Calculate the greatest common factor of r and q.
11
Let n(g) = g + 3. Let k be n(-3). Suppose 2*q = -3*p + 32, 5*q - 4*p - 34 + 0 = k. Let x = 137 + -57. Calculate the highest common divisor of x and q.
10
Suppose -5*z + 10 = -0*z. What is the greatest common divisor of z and 20?
2
Suppose 5*x + 3*t + 240 = 0, 4*x = -0*t - 3*t - 195. Let k = x + 105. Calculate the greatest common factor of k and 12.
12
Let k = 85 - 47. Suppose -5*i + 47 = -k. Let c(r) = 22*r + 2. Let h be c(3). Calculate the highest common divisor of h and i.
17
Let u = -49 + 25. Let q be (0 - 2)/(6/u). Calculate the greatest common divisor of q and 8.
8
Suppose -2*z - 2*w + 48 = 0, 5*z = -w + 2*w + 102. Calculate the highest common divisor of 147 and z.
21
Let t(k) = k. Let r(g) = 4*g - 11. Let a(m) = -r(m) + 3*t(m). Let l be a(0). Suppose 51 = j - 48. Calculate the highest common divisor of l and j.
11
Suppose 5*f + j - 25 = 6*j, f - 3 = -j. Let y be (-1)/((-1)/2) + f. Suppose -2 - y = -n. What is the highest common factor of 64 and n?
8
Let b be -4 + 7 + 0/2. Calculate the greatest common factor of 1 and b.
1
Let t(n) = 2*n**2 + 2*n - 12. Let l be t(-5). Calculate the greatest common divisor of 70 and l.
14
Suppose 2*t + 4*p + 32 = 0, -3*p + 10 = t + 29. Let w = t - -13. Calculate the highest common divisor of w and 33.
3
Let s be (-2)/(-6) + (-231)/(-9). Let p = -9 + 14. Suppose -v = -5*r + 170 + 150, -p*v = -25. What is the greatest common divisor of s and r?
13
Suppose -176 = -13*g + 12*g. What is the highest common divisor of 16 and g?
16
Suppose -7*r + 30 = -124. What is the highest common factor of r and 2?
2
Suppose -156*v - 1470 = -163*v. Calculate the greatest common factor of v and 30.
30
Suppose 0 = 4*q + 3*o + 111, 2*o - 63 = 2*q + o. Let p be (-12)/q + (-66)/(-10). Calculate the highest common divisor of p and 28.
7
Let s be -6*((-11)/3 - -3). Suppose 89 + 111 = s*j. What is the highest common factor of 20 and j?
10
Let g = 7 + -12. Let m(u) = u**2 - 6. Let c be m(g). What is the highest common factor of 133 and c?
19
Let v(b) = 2*b**2 - 5*b + 11. Let d be v(8). Let m = d + -57. Calculate the greatest common factor of 14 and m.
14
Let m = -5 - -130. Let y be (2 + 18)*(25/2)/5. Calculate the highest common divisor of m and y.
25
Let b = 4 + -6. Let g be (b/(-2))/((-3)/(-18)). Suppose 2*k - g = 10. Calculate the greatest common factor of 16 and k.
8
Suppose -7*g = p - 4*g - 225, -3*p = 2*g - 696. What is the greatest common factor of p and 26?
26
Let k = 42 + -27. Suppose -3*s + k = 2*s, 5*l - 2*s = 169. Calculate the highest common divisor of l and 5.
5
Let s be 2/1 - (-7 - -3). Let x(l) be the second derivative of l**4/12 + 3*l**2/2 - l. Let b be x(0). Calculate the highest common factor of b and s.
3
Let o = 47 - 20. What is the highest common divisor of 81 and o?
27
Let d be (0 - -1)/1*13. Let g(h) = 9*h + 7. Let x be g(5). What is the highest common divisor of x and d?
13
Let d(y) = -y**2 - 7*y + 7. Let t be d(-7). Suppose -a + 7 = -t. Suppose 5*u - 52 = -j, -u - 45 = -2*j + 37. What is the highest common divisor of j and a?
14
Let j(p) be the second derivative of p**4/12 + p**3/2 + p**2 - 3*p. Let n be j(-5). Calculate the highest common divisor of n and 12.
12
Let i be (-12)/40*-4*-115. Let u = -3 + 205. Let g = u + i. What is the highest common factor of g and 16?
16
Let x be -3 + 2 + (-6)/1. Let o = x + 14. Suppose 0 = v - o - 6. Calculate the greatest common factor of v and 65.
13
Let v be (18/(-21))/(4/(-28)). Calculate the highest common factor of 30 and v.
6
Suppose 4*r + 5*u - 65 = 0, -u + 54 = 3*r + u. Calculate the greatest common factor of r and 50.
10
Suppose -5*z = 3*b - 132, b = -4*z - b + 106. Calculate the greatest common factor of 72 and z.
9
Let z = 169 - 94. Let p be -1 + (9*2 - 2). Calculate the greatest common divisor of z and p.
15
Suppose 0 = 4*y - h - 2 - 2, -8 = 2*y - 3*h. Suppose -4*n - m = y*m - 39, 44 = 4*n + 4*m. What is the highest common divisor of 6 and n?
6
Let r be (-3)/2 - 35/(-2). Let u = r - 6. What is the greatest common factor of 25 and u?
5
Let k = 26 - 6. Suppose 0 = 5*m - 5*q - k, 0*q - q + 16 = 4*m. Calculate the highest common factor of 32 and m.
4
Let q = 9 + -7. Let v be 24*q*(-2)/(-2). Let j be 31 - (-1)/(1 - 0). Calculate the greatest common divisor of v and j.
16
Suppose 0 = -a - g + 2 + 4, 3*a + 10 = 4*g. Let p be (a/(-4))/(1/(-38)). What is the highest common factor of 76 and p?
19
Let y = -13 - -13. Let v be (0 - (y - 2)) + 5. Calculate the highest common divisor of v and 49.
7
Let z(f) = f**2 + 7*f + 6. Let y be z(-6). Suppose y*x - x - 36 = -4*m, 0 = x. Calculate the greatest common factor of m and 72.
9
Suppose -2*m = -5*z + 50, -2*m + 20 = 2*z - m. What is the greatest common factor of z and 10?
10
Suppose -2*p - 2*p = -8. Suppose -4*l + p*l = 5*v - 7, 4*v = 2*l + 2. What is the greatest common factor of 2 and l?
1
Suppose 0 = -4*k + 5 + 11. Suppose 5*s = 1 + k. Let d = 6 - -2. What is the highest common factor of d and s?
1
Suppose -4*p = -16 + 4. Let z be 265/(-1 - (-1 - 1)). Suppose -8 - z = -p*j. What is the greatest common divisor of j and 13?
13
Suppose 5*g = 2*p - 421, -3 = 2*g + g. Calculate the greatest common divisor of 16 and p.
16
Let u(l) = -l**3 - 7*l**2 + 5*l + 4. Let t be u(-8). Let c be (-2)/((-32)/t - -1). Calculate the highest common factor of c and 14.
14
Let g be 4/(-6) - 84/(-18). Let i be (-116)/(-14) - g/14. Calculate the highest common divisor of 20 and i.
4
Let f(h) = -2*h + 14. Let w be f(6). What is the greatest common factor of w and 8?
2
Suppose -395 = -5*i + 4*h, 5*i - i = 5*h + 325. What is the greatest common factor of 30 and i?
15
Let a(c) = -66*c + 13. Let l be a(-14). Suppose 2*j = 5*q - l, 2*q + 0*j = -5*j + 369. Calculate the highest common divisor of q and 17.
17
Let o(n) = -n**3 + 0*n + 4*n**2 + 3*n - 4 + 3. Let r be o(4). What is the greatest common divisor of r and 1?
1
Let b be (-1284)/(-60) - 2/5. What is the highest common divisor of 7 and b?
7
Let h(c) = -c + 1. Let b be h(-4). Let a be (-9)/45 - 402/(-10). What is the highest common divisor of b and a?
5
Suppose a - 2*x = 3*x + 95, -a = -x - 75. What is the highest common divisor of a and 20?
10
Suppose -8*g = -6*g - 140. Calculate the highest common factor of g and 10.
10
Suppose -5*i + 9 = 4*o, -4*i + 2*o - 3*o + 16 = 0. Calculate the greatest common divisor of i and 35.
5
Suppose -r + 79 = -26. Calculate the highest common divisor of r and 42.
21
Let j(k) = 4*k - 5. Let u be j(5). Suppose -5*g - 495 = -16*g. Calculate the greatest common divisor of g and u.
15
Let g = 35 + -17. Let d = -3 + 3. Suppose d = -4*n + g + 398. Calculate the highest common factor of 13 and n.
13
Let h(a) = a**2 + a + 1. Suppose 3 + 1 = -4*y. Let v be h(y). What is the highest common divisor of v and 1?
1
Let u be (3/(-2))/((-6)/(-16)). Let b be ((-3)/u)/(3/192). Calculate the highest common divisor of b and